ate the highest common divisor of s and g.
1
Let l = -1 + 1. Suppose -3*x = -l*x - 288. What is the greatest common factor of 12 and x?
12
Let j be (-3 + 8/(-6))*-9. Calculate the greatest common divisor of j and 741.
39
Suppose 3*r + 3*l + 0*l = 42, -4*r = -3*l - 21. Suppose 4*h = 4*q - 32, 8 = 2*q - h - r. What is the greatest common factor of 36 and q?
9
Let u = -230 + 236. What is the highest common divisor of u and 39?
3
Let a(t) = t**3 + 3*t**2 - 13*t. Let b be a(-5). Let m be (-326)/(-2) + (-2)/(-1). What is the highest common factor of b and m?
15
Suppose -5*l + 996 = 3*p - 2*l, 980 = 3*p - 5*l. Calculate the highest common factor of 22 and p.
22
Suppose 0 = -5*v - 0*v - 5*a + 395, -4*a - 300 = -4*v. Let n be (-22)/v + (-242)/(-14). Calculate the highest common divisor of 34 and n.
17
Let s be -56 - (-7 + (-1 + 3 - -1)). Let o = -43 - s. Let b be ((-24)/10)/(2/(-15)). What is the highest common factor of b and o?
9
Suppose 17*p = 13*p + 324. Calculate the highest common divisor of 9 and p.
9
Suppose -18 + 6 = 3*i, -2*i = -5*u + 268. Suppose 0*j = 3*j. Suppose -2*b + m + 257 = 0, -m = -5*b - j*m + 647. Calculate the highest common factor of u and b.
26
Let x(o) be the third derivative of -o**5/60 - 3*o**4/8 - o**3/3 + 15*o**2. Let n be x(-4). Calculate the highest common factor of n and 198.
18
Let b be 42/((-1)/((-147)/6)). Suppose -6 = -2*f, -4*j = j - 2*f - b. What is the greatest common divisor of j and 23?
23
Let r = 444 - 262. Let f(q) be the second derivative of 5*q**3/6 - 9*q**2/2 + 4*q. Let g be f(7). Calculate the highest common divisor of r and g.
26
Let c(m) = -m**3 + 28*m**2 + 31*m - 47. Let p be c(29). Calculate the highest common divisor of 77 and p.
11
Let x(l) = 84*l + 42. Let r be x(0). What is the highest common factor of 186 and r?
6
Let d = -1 + 8. Suppose -1 = -3*i - 4*t, -5*t - 7 = 2*i - i. Suppose -u + i = -d. What is the highest common factor of 90 and u?
10
Let l(u) = -u**3 + 35*u**2 + 1060. Let g be l(0). Calculate the greatest common divisor of g and 20.
20
Let a(c) = c**3 - 8*c**2 - 4*c + 5. Let r be a(9). Suppose 2*v = -0 + r. Let d = v - 16. Calculate the greatest common factor of 99 and d.
9
Let s be (-4)/8 - (-10)/4. Suppose 11 = 3*u + 4*f, 5*u + 0*f - 27 = s*f. Suppose -39 = -u*m + 41. Calculate the greatest common factor of 32 and m.
16
Let n be (-42)/4*(-24)/7. Calculate the greatest common factor of 63 and n.
9
Let q(r) = -r**3 + 14*r**2 + 16*r - 7. Let k be q(15). What is the highest common factor of k and 96?
8
Let b = -55 - -91. Let m = -16 + b. What is the greatest common divisor of 80 and m?
20
Suppose -15*k + 1006 + 44 = 0. Let f(i) = 35*i**2 - 2*i - 2. Let t be f(-1). What is the highest common divisor of k and t?
35
Let b(t) = -2*t + 26. Let f be b(9). Let x(a) = 21*a**2 + 6 + a**3 + a + 14*a - f*a**2 - 2*a**3. Let h be x(14). What is the highest common divisor of 50 and h?
10
Let t(a) = -a + 11. Suppose -73 = -11*p - 18. Let x be t(p). What is the greatest common factor of 54 and x?
6
Suppose -136*o + 134*o + 230 = 0. Calculate the highest common divisor of 10 and o.
5
Let r(f) be the second derivative of 14*f**3/3 - 4*f**2 + 12*f. Let b be r(1). Calculate the highest common divisor of 30 and b.
10
Suppose 2 = 2*g - 12. Let u(c) = 6*c + 5*c**2 + 6*c**2 + g - 5*c**2 - 5*c**2. Let y be u(-6). Calculate the greatest common divisor of y and 7.
7
Suppose 0 = -0*b + 5*b - 1760. Let a = 2369 - 2325. Calculate the greatest common divisor of b and a.
44
Let q be (-1 + -38)*(-2)/6. Let s = 25 + q. Let u = -141 + 160. Calculate the highest common factor of s and u.
19
Let h be (-12)/(-1)*(123/12 - 7). Suppose -15 = -3*d + 33. Let a be 1/4 + 412/d. What is the highest common divisor of a and h?
13
Suppose 3*k = 2*t + 78, 8 = -k - t + 29. Suppose 2*r - 3*u - 51 = 0, -21 - 48 = -3*r + 3*u. Calculate the highest common divisor of k and r.
6
Let o be (-18*(-1)/10)/((-11)/(-2695)). Calculate the highest common factor of 63 and o.
63
Suppose 2*o = 5*q + 29, -o + 2*o = -2*q + 10. Let l be ((-15)/30)/((-2)/o). Calculate the greatest common factor of l and 1.
1
Suppose 3*z = z + 4*j + 44, 2*z + 3*j - 51 = 0. Suppose 3*u - z = -3*m, -5*u - 5 - 5 = -5*m. What is the greatest common factor of u and 54?
3
Let h be 6 - (-16 - 0)/(-4). Let w be -27*((-14)/3 + h). Calculate the greatest common factor of w and 9.
9
Suppose -h - 3*r + 4*r = 9, -5 = h + 3*r. Let j(w) = -w**3 - 9*w**2 - 9*w - 1. Let o be j(h). What is the greatest common divisor of 56 and o?
7
Let c(d) = 2*d**2 - 2*d + 11. Let b be c(8). What is the greatest common divisor of b and 205?
41
Let w(o) = 4*o - 1. Let s be w(-3). Let f = s + 16. Suppose 4*n + f - 15 = 0. Calculate the greatest common divisor of n and 15.
3
Suppose -15*x + 1648 - 148 = 0. Let g be ((-4)/6)/((-210)/(-36) + -6). Calculate the greatest common divisor of g and x.
4
Suppose 33 = 3*m - 9. What is the highest common factor of m and 7?
7
Let j(f) = f**3 - 14*f**2 + 8*f + 89. Let q be j(13). Suppose -m - 3*p + 16 = 0, -80 = -5*m + 2*p - p. Calculate the highest common factor of q and m.
8
Suppose -3*r + 0 = m - 20, 3*m - 12 = 3*r. Suppose -14 = -m*p + p. Suppose 4*j - 9 = -1. What is the highest common factor of p and j?
2
Suppose 7*z + 40 = 12*z. What is the greatest common factor of z and 2?
2
Suppose -13*h - 11721 + 11838 = 0. Let q(l) = -l**3 + 4*l**2 + 2*l + 3. Let b be q(4). Suppose -b = -2*z + 7. What is the greatest common divisor of h and z?
9
Let y = -113 + 121. Let d be 39*(-3)/6*y/(-12). What is the highest common divisor of 65 and d?
13
Let q(n) = 3*n + 5. Let p be q(4). Suppose -v + 3*c + 83 = -17, 60 = v + 5*c. What is the highest common divisor of p and v?
17
Let y = 5 + -9. Let i = y + 24. Let b(r) = -r**2 - 31*r - 4. Let f be b(-28). What is the greatest common divisor of f and i?
20
Suppose u + 14 = 3*u + 2*k, -4*k + 16 = 0. Suppose 13 = u*i - m, 2*m = -3*m - 5. Let z = i - 0. Calculate the greatest common divisor of 12 and z.
4
Let j(b) = -b**3 + 14*b**2 - 10*b - 13. Let q be j(14). Let k be q/6*6/(-9). Suppose -2*x + 119 = -x. What is the greatest common divisor of k and x?
17
Let v(r) = 2*r**3 - 50*r**2 + 4*r + 47. Let s be v(25). Let w(o) = -10*o + 1. Let j be w(-2). What is the greatest common factor of j and s?
21
Let j be ((-3)/(-3) - -1) + 77/(-1). Let w = j + 126. Calculate the highest common divisor of w and 408.
51
Suppose 3*i = -i + 528. Calculate the greatest common divisor of 33 and i.
33
Let y(b) = -3585 + 2*b + 3585 + b**2. Let j be y(-3). What is the highest common divisor of 27 and j?
3
Let w be 2 - 2290/(-11) - 10/55. Let f be (-6)/(-30) + 838/10. Calculate the greatest common factor of w and f.
42
Let s(c) = c**3 - 3*c**2 - 6*c + 5. Let j be s(4). Let k be 4/(j/18*-1). Calculate the greatest common divisor of k and 6.
6
Suppose 2*m - 32 = -2*m. Suppose 3*p + 2*p + 5 = 0. Let j = p + m. What is the highest common divisor of j and 63?
7
Suppose 10 = -254*p + 256*p. What is the greatest common divisor of p and 155?
5
Let y = 1363 - 851. Suppose 2*r - y = -2*r. Let z(q) = 7*q + 2. Let l be z(2). What is the highest common divisor of l and r?
16
Suppose -6*r + 3*r = -3, 4*n - 2 = -2*r. Let p(c) = -c**3 - c**2 - c + 189. Let v be p(n). Calculate the highest common factor of 21 and v.
21
Let g(x) = x**3 + 35*x**2 - 39*x - 86. Let k be g(-36). Calculate the highest common divisor of k and 253.
11
Let t(l) = -9*l**2 - 6*l + 3. Let b be t(5). Let n = 165 + b. Let v = n + 144. What is the greatest common divisor of v and 19?
19
Let k be 432/18 + (2 - (3 - 2)). What is the highest common divisor of 40 and k?
5
Let p = -46 - 42. Let h = p + 96. What is the highest common divisor of 8 and h?
8
Let m be (-1 - -3)/(((-36)/86)/(-18)). Calculate the greatest common factor of m and 1118.
86
Let h = 612 + -287. Calculate the greatest common divisor of h and 26.
13
Let l(g) = -4 + 2*g + 6*g - 5*g. Let x be l(2). Let b be 3/(3/24*x). What is the highest common divisor of b and 30?
6
Let o(q) = -q + 5. Let n be o(5). Suppose n = -2*b - 2 + 8. Suppose -2*j - b = -11. What is the highest common factor of j and 36?
4
Let d(h) = 105*h + 27. Let x(k) = -k - 2. Let g(z) = -d(z) - 18*x(z). Let t be g(-1). Suppose -26 = -3*j + 22. Calculate the greatest common divisor of t a